{"id":1877,"date":"2023-11-09T10:05:06","date_gmt":"2023-11-09T09:05:06","guid":{"rendered":"https:\/\/www.contzept.de\/shop\/?post_type=product&#038;p=1877"},"modified":"2024-12-20T13:11:05","modified_gmt":"2024-12-20T12:11:05","slug":"petzl-spatha","status":"publish","type":"product","link":"https:\/\/www.contzept.de\/shop\/produkt\/petzl-spatha\/","title":{"rendered":"Petzl &#8211; Messer SPATHA"},"content":{"rendered":"<ul>\n<li>Glatte und gezahnte Klinge zum Schneiden von Seilen und Reepschn\u00fcren.<\/li>\n<li>\u00d6se zum Befestigen des Messers am Gurt mit einem CARITOOL-Ger\u00e4tehalter oder Karabiner.<\/li>\n<li>Zwei M\u00f6glichkeiten zum \u00d6ffnen des Messers: Einkerbung in der Klinge zum \u00d6ffnen mit blo\u00dfen H\u00e4nden, geriffeltes R\u00e4dchen zum \u00d6ffnen mit Handschuhen.<\/li>\n<li>Blockierung der Klinge in ge\u00f6ffneter Position durch Arretierung.<\/li>\n<li>Die Edelstahlklinge garantiert eine hohe Lebensdauer.<\/li>\n<\/ul>\n","protected":false},"excerpt":{"rendered":"<p>Messer zum Einh\u00e4ngen am Karabiner<\/p>\n","protected":false},"featured_media":1879,"template":"","meta":[],"product_brand":[],"product_cat":[73],"product_tag":[],"class_list":{"0":"post-1877","1":"product","2":"type-product","3":"status-publish","4":"has-post-thumbnail","6":"product_cat-transportsaecke-zubehoer","8":"first","9":"instock","10":"taxable","11":"shipping-taxable","12":"purchasable","13":"product-type-variable","14":"has-default-attributes"},"_links":{"self":[{"href":"https:\/\/www.contzept.de\/shop\/wp-json\/wp\/v2\/product\/1877","targetHints":{"allow":["GET"]}}],"collection":[{"href":"https:\/\/www.contzept.de\/shop\/wp-json\/wp\/v2\/product"}],"about":[{"href":"https:\/\/www.contzept.de\/shop\/wp-json\/wp\/v2\/types\/product"}],"wp:featuredmedia":[{"embeddable":true,"href":"https:\/\/www.contzept.de\/shop\/wp-json\/wp\/v2\/media\/1879"}],"wp:attachment":[{"href":"https:\/\/www.contzept.de\/shop\/wp-json\/wp\/v2\/media?parent=1877"}],"wp:term":[{"taxonomy":"product_brand","embeddable":true,"href":"https:\/\/www.contzept.de\/shop\/wp-json\/wp\/v2\/product_brand?post=1877"},{"taxonomy":"product_cat","embeddable":true,"href":"https:\/\/www.contzept.de\/shop\/wp-json\/wp\/v2\/product_cat?post=1877"},{"taxonomy":"product_tag","embeddable":true,"href":"https:\/\/www.contzept.de\/shop\/wp-json\/wp\/v2\/product_tag?post=1877"}],"curies":[{"name":"wp","href":"https:\/\/api.w.org\/{rel}","templated":true}]}}