{"id":293,"date":"2022-01-24T13:28:27","date_gmt":"2022-01-24T12:28:27","guid":{"rendered":"https:\/\/www.contzept.de\/shop\/?post_type=product&#038;p=293"},"modified":"2024-12-20T14:09:57","modified_gmt":"2024-12-20T13:09:57","slug":"petzl-strato-vent-hi-viz","status":"publish","type":"product","link":"https:\/\/www.contzept.de\/shop\/produkt\/petzl-strato-vent-hi-viz\/","title":{"rendered":"Petzl &#8211; Helm STRATO VENT HI-VIZ"},"content":{"rendered":"<div class=\"list\">\n<ul>\n<li>Leichte Bauweise und Tragekomfort:<br \/>\n&#8211; Die Innenschale besteht aus zwei Teilen, EPP (expandiertes Polypropylen) und EPS (expandiertes Polystyrol), um das Gewicht zu reduzieren.<br \/>\n&#8211; Das CENTERFIT-Einstellsystem mit seinen beiden seitlichen Einstellr\u00e4dchen gew\u00e4hrleistet, dass der Helm mittig auf dem Kopf sitzen bleibt.<br \/>\n&#8211; Mit dem FLIP&amp;FIT-System l\u00e4sst sich das Kopfband in die untere Position platzieren, um einen optimalen Halt des Helms zu gew\u00e4hrleisten. Bei Nichtbenutzung des Helms und zum Transport kann das System in der Helmschale verstaut werden.<br \/>\n&#8211; geliefert mit austauschbaren, aufsaugenden Komfort-Polstern.<\/li>\n<li>Kopfschutz geeignet zum Arbeiten in der H\u00f6he und am Boden bei Tag und Nacht:<br \/>\n&#8211; Das DUAL-Kinnband bietet dem Benutzer die M\u00f6glichkeit, die Haltekraft des Kinnbands zu \u00e4ndern, um den Helm unterschiedlichen Arbeitssituationen anzupassen: Arbeiten in der H\u00f6he (EN 12492) und Arbeiten am Boden (EN 397). Der Clip verf\u00fcgt \u00fcber zwei Positionen f\u00fcr zwei unterschiedliche Einsatzzwecke: hohe Haltekraft, um das Risiko zu reduzieren, dass der Helm bei einem Sturz vom Kopf gerissen wird, und geringe Haltekraft, um das Strangulationsrisiko zu reduzieren, wenn sich der Helm beim Arbeiten am Boden verf\u00e4ngt.<br \/>\n&#8211; Sto\u00dfd\u00e4mpfung durch Verformung der Innenschale,<br \/>\n&#8211; L\u00fcftungs\u00f6ffnungen f\u00fcr eine gute Bel\u00fcftung des Helms,<br \/>\n&#8211; Au\u00dfenschale in Leuchtfarbe mit phosphoreszierenden Clips und reflektierenden Streifen f\u00fcr eine optimale Sichtbarkeit des Benutzers bei Tag und bei Nacht.<\/li>\n<li>Modulkonzept des Zubeh\u00f6rs:<br \/>\n&#8211; Schutzvisier mit seitlichem EASYCLIP-Befestigungssystem, um das Anbringen zu erleichtern,<br \/>\n&#8211; Petzl-Stirnlampe mit Befestigungssystem oder Stirnlampe mit elastischem Kopfband,<br \/>\n&#8211; Schutz\u00fcberzug, um die Helmschale vor Schmutz und Farbspritzern zu sch\u00fctzen,<br \/>\n&#8211; Nackenschutz, um den Nacken vor Regen und Sonnenstrahlen zu sch\u00fctzen,<br \/>\n&#8211; Ausweishalter, um den Benutzer schnell identifizieren zu k\u00f6nnen,<br \/>\n&#8211; austauschbares Kinnband und Polster,<br \/>\n&#8211; Geh\u00f6rschutz,<br \/>\n&#8211; verf\u00fcgbar in zwei hochsichtbaren Farben: gelb und orange.<\/li>\n<\/ul>\n<\/div>\n<h3>Spezifikationen<\/h3>\n<div class=\"list\">\n<ul>\n<li>Kopfbandumfang: 53-63 cm<\/li>\n<li>Gewicht: 425 g<\/li>\n<li>Material: ABS (Acrylnitril-Butadien-Styrol), EPP (expandiertes Polypropylen), EPS (expandiertes Polystyrol), Polyamid, Polycarbonat, hochfestes Polyester, Polyethylen<\/li>\n<li>Zertifizierung(en): CE, EN 12492, ANSI Z89.1 Type I Class C<\/li>\n<\/ul>\n<\/div>\n","protected":false},"excerpt":{"rendered":"<p>Leichter, bel\u00fcfteter und hochsichtbarer Helm<\/p>\n","protected":false},"featured_media":294,"template":"","meta":[],"product_brand":[],"product_cat":[20,22],"product_tag":[],"class_list":{"0":"post-293","1":"product","2":"type-product","3":"status-publish","4":"has-post-thumbnail","6":"product_cat-helme","7":"product_cat-helme-leicht","9":"first","10":"instock","11":"taxable","12":"shipping-taxable","13":"purchasable","14":"product-type-variable","15":"has-default-attributes"},"_links":{"self":[{"href":"https:\/\/www.contzept.de\/shop\/wp-json\/wp\/v2\/product\/293","targetHints":{"allow":["GET"]}}],"collection":[{"href":"https:\/\/www.contzept.de\/shop\/wp-json\/wp\/v2\/product"}],"about":[{"href":"https:\/\/www.contzept.de\/shop\/wp-json\/wp\/v2\/types\/product"}],"wp:featuredmedia":[{"embeddable":true,"href":"https:\/\/www.contzept.de\/shop\/wp-json\/wp\/v2\/media\/294"}],"wp:attachment":[{"href":"https:\/\/www.contzept.de\/shop\/wp-json\/wp\/v2\/media?parent=293"}],"wp:term":[{"taxonomy":"product_brand","embeddable":true,"href":"https:\/\/www.contzept.de\/shop\/wp-json\/wp\/v2\/product_brand?post=293"},{"taxonomy":"product_cat","embeddable":true,"href":"https:\/\/www.contzept.de\/shop\/wp-json\/wp\/v2\/product_cat?post=293"},{"taxonomy":"product_tag","embeddable":true,"href":"https:\/\/www.contzept.de\/shop\/wp-json\/wp\/v2\/product_tag?post=293"}],"curies":[{"name":"wp","href":"https:\/\/api.w.org\/{rel}","templated":true}]}}

<div class="list">
<ul>
<li>Leichte Bauweise und Tragekomfort:<br />
&#8211; Die Innenschale besteht aus zwei Teilen, EPP (expandiertes Polypropylen) und EPS (expandiertes Polystyrol), um das Gewicht zu reduzieren.<br />
&#8211; Das CENTERFIT-Einstellsystem mit seinen beiden seitlichen Einstellrädchen gewährleistet, dass der Helm mittig auf dem Kopf sitzen bleibt.<br />
&#8211; Mit dem FLIP&amp;FIT-System lässt sich das Kopfband in die untere Position platzieren, um einen optimalen Halt des Helms zu gewährleisten. Bei Nichtbenutzung des Helms und zum Transport kann das System in der Helmschale verstaut werden.<br />
&#8211; geliefert mit austauschbaren, aufsaugenden Komfort-Polstern.</li>
<li>Kopfschutz geeignet zum Arbeiten in der Höhe und am Boden bei Tag und Nacht:<br />
&#8211; Das DUAL-Kinnband bietet dem Benutzer die Möglichkeit, die Haltekraft des Kinnbands zu ändern, um den Helm unterschiedlichen Arbeitssituationen anzupassen: Arbeiten in der Höhe (EN 12492) und Arbeiten am Boden (EN 397). Der Clip verfügt über zwei Positionen für zwei unterschiedliche Einsatzzwecke: hohe Haltekraft, um das Risiko zu reduzieren, dass der Helm bei einem Sturz vom Kopf gerissen wird, und geringe Haltekraft, um das Strangulationsrisiko zu reduzieren, wenn sich der Helm beim Arbeiten am Boden verfängt.<br />
&#8211; Stoßdämpfung durch Verformung der Innenschale,<br />
&#8211; Lüftungsöffnungen für eine gute Belüftung des Helms,<br />
&#8211; Außenschale in Leuchtfarbe mit phosphoreszierenden Clips und reflektierenden Streifen für eine optimale Sichtbarkeit des Benutzers bei Tag und bei Nacht.</li>
<li>Modulkonzept des Zubehörs:<br />
&#8211; Schutzvisier mit seitlichem EASYCLIP-Befestigungssystem, um das Anbringen zu erleichtern,<br />
&#8211; Petzl-Stirnlampe mit Befestigungssystem oder Stirnlampe mit elastischem Kopfband,<br />
&#8211; Schutzüberzug, um die Helmschale vor Schmutz und Farbspritzern zu schützen,<br />
&#8211; Nackenschutz, um den Nacken vor Regen und Sonnenstrahlen zu schützen,<br />
&#8211; Ausweishalter, um den Benutzer schnell identifizieren zu können,<br />
&#8211; austauschbares Kinnband und Polster,<br />
&#8211; Gehörschutz,<br />
&#8211; verfügbar in zwei hochsichtbaren Farben: gelb und orange.</li>
</ul>
</div>
<h3>Spezifikationen</h3>
<div class="list">
<ul>
<li>Kopfbandumfang: 53-63 cm</li>
<li>Gewicht: 425 g</li>
<li>Material: ABS (Acrylnitril-Butadien-Styrol), EPP (expandiertes Polypropylen), EPS (expandiertes Polystyrol), Polyamid, Polycarbonat, hochfestes Polyester, Polyethylen</li>
<li>Zertifizierung(en): CE, EN 12492, ANSI Z89.1 Type I Class C</li>
</ul>
</div>

<p>Leichter, belüfteter und hochsichtbarer Helm</p>
