{"id":302,"date":"2022-01-24T13:50:15","date_gmt":"2022-01-24T12:50:15","guid":{"rendered":"https:\/\/www.contzept.de\/shop\/?post_type=product&#038;p=302"},"modified":"2026-02-06T15:16:41","modified_gmt":"2026-02-06T14:16:41","slug":"petzl-vertex","status":"publish","type":"product","link":"https:\/\/www.contzept.de\/shop\/produkt\/petzl-vertex\/","title":{"rendered":"Petzl &#8211; Helm VERTEX"},"content":{"rendered":"<div class=\"list\">\n<h2><em><strong>Derzeit Abverkauf einiger Farben zum stark reduzierten Preis!<\/strong><\/em><\/h2>\n<p>&nbsp;<\/p>\n<ul>\n<li>Hoher Tragekomfort:<br \/>\n&#8211; Die 6-Punkt-Textilaufh\u00e4ngung gew\u00e4hrleistet eine optimale Passform.<br \/>\n&#8211; Das CENTERFIT-Einstellsystem mit seinen beiden seitlichen Einstellr\u00e4dchen gew\u00e4hrleistet, dass der Helm mittig auf dem Kopf sitzen bleibt.<br \/>\n&#8211; Mit dem FLIP&amp;FIT-System l\u00e4sst sich das Kopfband in die untere Position platzieren, um einen optimalen Halt des Helms zu gew\u00e4hrleisten. Bei Nichtbenutzung des Helms und zum Transport kann das System in der Helmschale verstaut werden.<br \/>\n&#8211; geliefert mit austauschbarem Standard-Komfortpolster.<\/li>\n<li>Zum Arbeiten in der H\u00f6he und am Boden geeigneter Kopfschutz:<br \/>\n&#8211; Das DUAL-Kinnband bietet dem Benutzer die M\u00f6glichkeit, die Haltekraft des Kinnbands zu \u00e4ndern, um den Helm unterschiedlichen Arbeitssituationen anzupassen: Arbeiten in der H\u00f6he (EN 12492) und Arbeiten am Boden (EN 397). Der Clip verf\u00fcgt \u00fcber zwei Positionen f\u00fcr zwei unterschiedliche Einsatzzwecke: hohe Haltekraft, um das Risiko zu reduzieren, dass der Helm bei einem Sturz vom Kopf gerissen wird, und geringe Haltekraft, um das Strangulationsrisiko zu reduzieren, wenn sich der Helm beim Arbeiten am Boden verf\u00e4ngt.<br \/>\n&#8211; Sto\u00dfd\u00e4mpfung durch Verformung der Au\u00dfenschale,<br \/>\n&#8211; Schutz vor elektrischer Gef\u00e4hrdung, Spritzern aus schmelzfl\u00fcssigem Metall und Flammen dank der geschlossenen Au\u00dfenschale.<\/li>\n<li>Modulkonzept des Zubeh\u00f6rs:<br \/>\n&#8211; Schutzvisier mit seitlichem EASYCLIP-Befestigungssystem, um das Anbringen zu erleichtern,<br \/>\n&#8211; Petzl-Stirnlampe mit Befestigungssystem oder Stirnlampe mit elastischem Kopfband,<br \/>\n&#8211; Schutz\u00fcberzug, um die Helmschale vor Schmutz und Farbspritzern zu sch\u00fctzen,<br \/>\n&#8211; Nackenschutz, um den Nacken vor Regen und Sonnenstrahlen zu sch\u00fctzen,<br \/>\n&#8211; Ausweishalter, um den Benutzer schnell identifizieren zu k\u00f6nnen,<br \/>\n&#8211; austauschbares Kinnband und Polster,<br \/>\n&#8211; Geh\u00f6rschutz,<br \/>\n&#8211; verf\u00fcgbar in sieben Farben: wei\u00df, gelb, rot, schwarz, orange, blau und gr\u00fcn,<br \/>\n&#8211; ebenfalls in zwei hochsichtbaren Ausf\u00fchrungen verf\u00fcgbar: gelb und orange.<\/li>\n<\/ul>\n<\/div>\n<div class=\"youtubeVideo\">\n<div id=\"j_id0:j_id1:j_id111\" class=\"youtubeVideo\"><\/div>\n<\/div>\n<h3>Spezifikationen<\/h3>\n<div class=\"list\">\n<ul>\n<li>Kopfbandumfang: 53-63 cm<\/li>\n<li>Gewicht: 490 g<\/li>\n<li>Material: ABS (Acrylnitril-Butadien-Styrol), Polyamid, Polycarbonat, hochfestes Polyester, Polyethylen<\/li>\n<li>Zertifizierung(en): CE, EN 397, EN 12492 (1), EN 50365, ANSI Z89.1 Type I Class E, EAC, AS\/NZS 1801<\/li>\n<li>(1) erf\u00fcllt alle Anforderungen der Norm EN 12492 mit Ausnahme der Anforderung bez\u00fcglich der Bel\u00fcftung.<\/li>\n<\/ul>\n<\/div>\n","protected":false},"excerpt":{"rendered":"<p>Komfortabler Helm<\/p>\n","protected":false},"featured_media":315,"template":"","meta":[],"product_brand":[],"product_cat":[20,184,21],"product_tag":[],"class_list":{"0":"post-302","1":"product","2":"type-product","3":"status-publish","4":"has-post-thumbnail","6":"product_cat-helme","7":"product_cat-sale","8":"product_cat-helme-komfortabel","10":"first","11":"instock","12":"sale","13":"taxable","14":"shipping-taxable","15":"purchasable","16":"product-type-variable","17":"has-default-attributes"},"_links":{"self":[{"href":"https:\/\/www.contzept.de\/shop\/wp-json\/wp\/v2\/product\/302","targetHints":{"allow":["GET"]}}],"collection":[{"href":"https:\/\/www.contzept.de\/shop\/wp-json\/wp\/v2\/product"}],"about":[{"href":"https:\/\/www.contzept.de\/shop\/wp-json\/wp\/v2\/types\/product"}],"wp:featuredmedia":[{"embeddable":true,"href":"https:\/\/www.contzept.de\/shop\/wp-json\/wp\/v2\/media\/315"}],"wp:attachment":[{"href":"https:\/\/www.contzept.de\/shop\/wp-json\/wp\/v2\/media?parent=302"}],"wp:term":[{"taxonomy":"product_brand","embeddable":true,"href":"https:\/\/www.contzept.de\/shop\/wp-json\/wp\/v2\/product_brand?post=302"},{"taxonomy":"product_cat","embeddable":true,"href":"https:\/\/www.contzept.de\/shop\/wp-json\/wp\/v2\/product_cat?post=302"},{"taxonomy":"product_tag","embeddable":true,"href":"https:\/\/www.contzept.de\/shop\/wp-json\/wp\/v2\/product_tag?post=302"}],"curies":[{"name":"wp","href":"https:\/\/api.w.org\/{rel}","templated":true}]}}

<div class="list">
<h2><em><strong>Derzeit Abverkauf einiger Farben zum stark reduzierten Preis!</strong></em></h2>
<p>&nbsp;</p>
<ul>
<li>Hoher Tragekomfort:<br />
&#8211; Die 6-Punkt-Textilaufhängung gewährleistet eine optimale Passform.<br />
&#8211; Das CENTERFIT-Einstellsystem mit seinen beiden seitlichen Einstellrädchen gewährleistet, dass der Helm mittig auf dem Kopf sitzen bleibt.<br />
&#8211; Mit dem FLIP&amp;FIT-System lässt sich das Kopfband in die untere Position platzieren, um einen optimalen Halt des Helms zu gewährleisten. Bei Nichtbenutzung des Helms und zum Transport kann das System in der Helmschale verstaut werden.<br />
&#8211; geliefert mit austauschbarem Standard-Komfortpolster.</li>
<li>Zum Arbeiten in der Höhe und am Boden geeigneter Kopfschutz:<br />
&#8211; Das DUAL-Kinnband bietet dem Benutzer die Möglichkeit, die Haltekraft des Kinnbands zu ändern, um den Helm unterschiedlichen Arbeitssituationen anzupassen: Arbeiten in der Höhe (EN 12492) und Arbeiten am Boden (EN 397). Der Clip verfügt über zwei Positionen für zwei unterschiedliche Einsatzzwecke: hohe Haltekraft, um das Risiko zu reduzieren, dass der Helm bei einem Sturz vom Kopf gerissen wird, und geringe Haltekraft, um das Strangulationsrisiko zu reduzieren, wenn sich der Helm beim Arbeiten am Boden verfängt.<br />
&#8211; Stoßdämpfung durch Verformung der Außenschale,<br />
&#8211; Schutz vor elektrischer Gefährdung, Spritzern aus schmelzflüssigem Metall und Flammen dank der geschlossenen Außenschale.</li>
<li>Modulkonzept des Zubehörs:<br />
&#8211; Schutzvisier mit seitlichem EASYCLIP-Befestigungssystem, um das Anbringen zu erleichtern,<br />
&#8211; Petzl-Stirnlampe mit Befestigungssystem oder Stirnlampe mit elastischem Kopfband,<br />
&#8211; Schutzüberzug, um die Helmschale vor Schmutz und Farbspritzern zu schützen,<br />
&#8211; Nackenschutz, um den Nacken vor Regen und Sonnenstrahlen zu schützen,<br />
&#8211; Ausweishalter, um den Benutzer schnell identifizieren zu können,<br />
&#8211; austauschbares Kinnband und Polster,<br />
&#8211; Gehörschutz,<br />
&#8211; verfügbar in sieben Farben: weiß, gelb, rot, schwarz, orange, blau und grün,<br />
&#8211; ebenfalls in zwei hochsichtbaren Ausführungen verfügbar: gelb und orange.</li>
</ul>
</div>
<div class="youtubeVideo">
<div id="j_id0:j_id1:j_id111" class="youtubeVideo"></div>
</div>
<h3>Spezifikationen</h3>
<div class="list">
<ul>
<li>Kopfbandumfang: 53-63 cm</li>
<li>Gewicht: 490 g</li>
<li>Material: ABS (Acrylnitril-Butadien-Styrol), Polyamid, Polycarbonat, hochfestes Polyester, Polyethylen</li>
<li>Zertifizierung(en): CE, EN 397, EN 12492 (1), EN 50365, ANSI Z89.1 Type I Class E, EAC, AS/NZS 1801</li>
<li>(1) erfüllt alle Anforderungen der Norm EN 12492 mit Ausnahme der Anforderung bezüglich der Belüftung.</li>
</ul>
</div>
