{"id":3686,"date":"2026-02-19T16:11:16","date_gmt":"2026-02-19T15:11:16","guid":{"rendered":"https:\/\/www.contzept.de\/shop\/?post_type=product&#038;p=3686"},"modified":"2026-02-19T16:20:17","modified_gmt":"2026-02-19T15:20:17","slug":"kratos-auffanggurt-flyin-1","status":"publish","type":"product","link":"https:\/\/www.contzept.de\/shop\/produkt\/kratos-auffanggurt-flyin-1\/","title":{"rendered":"Kratos &#8211; Auffanggurt FLY&#8217;IN 1"},"content":{"rendered":"<p><strong>Ausstattung\u00a0<\/strong>&#8211; 2 textile Auffang\u00f6sen im Brustbereich und ein dorsaler Auffangpunkt (D-Ring) f\u00fcr Auffangsysteme.<\/p>\n<p><strong>Anpassbarkeit\u00a0<\/strong>&#8211; Schulter- und\u00a0Oberschenkelgurte\u00a0verstellbar.<br \/>\n<strong>Pluspunkte\u00a0&#8211;\u00a0<\/strong>Schultergurte haben Kombinationsschnallen und Oberschenkelriemen\u00a0sind mit automatischen Schnallen zur einfachen Einstellung versehen. 2 Werkzeughalterschlaufen\u00a0auf der R\u00fcckseite f\u00fcr zus\u00e4tzliche Karabiner und Zubeh\u00f6r. Lanyard\u00a0Keepers auf Schultergurten wurden f\u00fcr die einfache Platzierung von Verbindungmittel bereitgestellt.<br \/>\n<strong>Ergonomie<\/strong>\u00a0&#8211; Ideal positionierte elastische Gurte f\u00fcr erweiterten Komfort. Speziell gepolstertes Mesh-Material wurde f\u00fcr eine bessere Sto\u00dfd\u00e4mpfung und Komfort des Benutzers verwendet.<\/p>\n<p><strong>Konformit\u00e4t\u00a0<\/strong>&#8211; zertifiziert nach EN 361:2002<br \/>\n<strong>Bandmaterial\u00a0<\/strong>: Polyester<br \/>\n<strong>Schnallenmaterial<\/strong>\u00a0: Aluminium<br \/>\n<strong>Maximales Benutzer-Gewicht<\/strong>: 140 kg<\/p>\n","protected":false},"excerpt":{"rendered":"<p>Extra-Komfort Zweipunktauffanggurt<\/p>\n","protected":false},"featured_media":3687,"template":"","meta":[],"product_brand":[],"product_cat":[30,31],"product_tag":[],"class_list":{"0":"post-3686","1":"product","2":"type-product","3":"status-publish","4":"has-post-thumbnail","6":"product_cat-gurte","7":"product_cat-gurte-auffang","9":"first","10":"instock","11":"taxable","12":"shipping-taxable","13":"purchasable","14":"product-type-variable","15":"has-default-attributes"},"_links":{"self":[{"href":"https:\/\/www.contzept.de\/shop\/wp-json\/wp\/v2\/product\/3686","targetHints":{"allow":["GET"]}}],"collection":[{"href":"https:\/\/www.contzept.de\/shop\/wp-json\/wp\/v2\/product"}],"about":[{"href":"https:\/\/www.contzept.de\/shop\/wp-json\/wp\/v2\/types\/product"}],"wp:featuredmedia":[{"embeddable":true,"href":"https:\/\/www.contzept.de\/shop\/wp-json\/wp\/v2\/media\/3687"}],"wp:attachment":[{"href":"https:\/\/www.contzept.de\/shop\/wp-json\/wp\/v2\/media?parent=3686"}],"wp:term":[{"taxonomy":"product_brand","embeddable":true,"href":"https:\/\/www.contzept.de\/shop\/wp-json\/wp\/v2\/product_brand?post=3686"},{"taxonomy":"product_cat","embeddable":true,"href":"https:\/\/www.contzept.de\/shop\/wp-json\/wp\/v2\/product_cat?post=3686"},{"taxonomy":"product_tag","embeddable":true,"href":"https:\/\/www.contzept.de\/shop\/wp-json\/wp\/v2\/product_tag?post=3686"}],"curies":[{"name":"wp","href":"https:\/\/api.w.org\/{rel}","templated":true}]}}