{"id":616,"date":"2022-01-27T14:43:23","date_gmt":"2022-01-27T13:43:23","guid":{"rendered":"https:\/\/www.contzept.de\/shop\/?post_type=product&#038;p=616"},"modified":"2024-12-20T13:53:08","modified_gmt":"2024-12-20T12:53:08","slug":"petzl-nest","status":"publish","type":"product","link":"https:\/\/www.contzept.de\/shop\/produkt\/petzl-nest\/","title":{"rendered":"Petzl &#8211; Rettungstrage NEST"},"content":{"rendered":"<div class=\"list\">\n<ul>\n<li>Die verletzte Person kann horizontal, vertikal oder geneigt transportiert werden (unwegsames Gel\u00e4nde, Engstellen).<\/li>\n<li>Einfaches Handling:<br \/>\n&#8211; In die Trage ist ein Komplettgurt zum Sichern der verletzten Person integriert.<br \/>\n&#8211; Farbliche Kennzeichnungen erleichtern das Auflegen.<br \/>\n&#8211; Speziell ausgerichtete Befestigungspunkte an den Seiten erleichtern das Schlie\u00dfen der Schnallen.<br \/>\n&#8211; Einfache, schnelle Einstellung mit den automatischen FAST LT PLUS-Schnallen. Das Entriegelungssystem der Schnalle reduziert das Risiko einer unbeabsichtigten \u00d6ffnung.<br \/>\n&#8211; Die flexiblen Gurtb\u00e4nder erleichtern das Handling, auch mit Handschuhen.<br \/>\n&#8211; Die L\u00e4ngsstangen und Querstreben k\u00f6nnen entfernt werden, um den Zugang zur Unfallstelle zu erleichtern.<\/li>\n<li>Verschlei\u00dffest:<br \/>\n&#8211; Mit hochfestem Polyethylen (HDPE) verst\u00e4rkte Griffe erleichtern das Handling und erh\u00f6hen die Verschlei\u00dffestigkeit.<br \/>\n&#8211; Die glatte Unterseite aus festem Kunststoff erm\u00f6glicht ein gutes Gleiten.<br \/>\n&#8211; Wendbares Schaumstoffpolster im R\u00fccken des Verletzten, um die Wasseraufnahme zu begrenzen.<br \/>\n&#8211; An alle K\u00f6rpergr\u00f6\u00dfen anpassbare St\u00fctzpolster an Oberschenkeln und F\u00fc\u00dfen.<br \/>\n&#8211; Solide Konstruktion dank der durchgehenden Gurtb\u00e4nder der Befestigungspunkte.<\/li>\n<li>Optional erh\u00e4ltliches Zubeh\u00f6r:<br \/>\n&#8211; STEF-Ausgleichsvorrichtung um die Rettungstrage zur Anpassung an das Terrain in verschiedenen Neigungswinkeln tragen zu k\u00f6nnen.<br \/>\n&#8211; Transporttasche zum Schutz der Trage.<br \/>\n&#8211; Set mit vier L\u00e4ngsstangen (Referenz S61904), als Ersatzteile verf\u00fcgbar.<\/li>\n<\/ul>\n<\/div>\n<h3>Spezifikationen<\/h3>\n<div class=\"list\">\n<ul>\n<li>Material: TPU, Polyamid, Polyethylen, Aluminium<\/li>\n<li>Gewicht: 13100 g<\/li>\n<li>Maximal zul\u00e4ssige Belastung: 150 kg<\/li>\n<\/ul>\n<\/div>\n","protected":false},"excerpt":{"rendered":"<p>Rettungstrage f\u00fcr eingeschr\u00e4nkte Platzverh\u00e4ltnisse<\/p>\n","protected":false},"featured_media":617,"template":"","meta":[],"product_brand":[],"product_cat":[30,32],"product_tag":[],"class_list":{"0":"post-616","1":"product","2":"type-product","3":"status-publish","4":"has-post-thumbnail","6":"product_cat-gurte","7":"product_cat-gurte-rettung","9":"first","10":"instock","11":"taxable","12":"shipping-taxable","13":"purchasable","14":"product-type-variable","15":"has-default-attributes"},"_links":{"self":[{"href":"https:\/\/www.contzept.de\/shop\/wp-json\/wp\/v2\/product\/616","targetHints":{"allow":["GET"]}}],"collection":[{"href":"https:\/\/www.contzept.de\/shop\/wp-json\/wp\/v2\/product"}],"about":[{"href":"https:\/\/www.contzept.de\/shop\/wp-json\/wp\/v2\/types\/product"}],"wp:featuredmedia":[{"embeddable":true,"href":"https:\/\/www.contzept.de\/shop\/wp-json\/wp\/v2\/media\/617"}],"wp:attachment":[{"href":"https:\/\/www.contzept.de\/shop\/wp-json\/wp\/v2\/media?parent=616"}],"wp:term":[{"taxonomy":"product_brand","embeddable":true,"href":"https:\/\/www.contzept.de\/shop\/wp-json\/wp\/v2\/product_brand?post=616"},{"taxonomy":"product_cat","embeddable":true,"href":"https:\/\/www.contzept.de\/shop\/wp-json\/wp\/v2\/product_cat?post=616"},{"taxonomy":"product_tag","embeddable":true,"href":"https:\/\/www.contzept.de\/shop\/wp-json\/wp\/v2\/product_tag?post=616"}],"curies":[{"name":"wp","href":"https:\/\/api.w.org\/{rel}","templated":true}]}}