{"id":785,"date":"2022-03-16T17:24:09","date_gmt":"2022-03-16T16:24:09","guid":{"rendered":"https:\/\/www.contzept.de\/shop\/?post_type=product&#038;p=785"},"modified":"2025-07-21T16:01:14","modified_gmt":"2025-07-21T14:01:14","slug":"petzl-top-croll","status":"publish","type":"product","link":"https:\/\/www.contzept.de\/shop\/produkt\/petzl-top-croll\/","title":{"rendered":"Petzl &#8211; Brustgurt TOP CROLL"},"content":{"rendered":"<div class=\"list\">\n<ul>\n<li>Erweitert die Sitz- und Haltegurte AVAO SIT, AVAO SIT FAST, ASTRO SIT, FALCON, FALCON ASCENT, FALCON MOUNTAIN und SEQUOIA SRT zu Komplettgurten f\u00fcr seilunterst\u00fctztes Arbeiten in schwer zug\u00e4nglichen Bereichen mit Aufstieg am Seil, dank der integrierten CROLL L-Bruststeigklemme.<\/li>\n<li>Komfortable Bauweise:<br \/>\n&#8211; Die ergonomisch geformten Schultertr\u00e4ger reduzieren Reibungspunkte an Nacken oder Hals.<br \/>\n&#8211; Die schmalen, beweglichen Gurtb\u00e4nder sorgen f\u00fcr erh\u00f6hten Komfort und optimale Bewegungsfreiheit.<br \/>\n&#8211; Alle Kontaktfl\u00e4chen sind aus vorgeformtem Schaumstoff mit atmungsaktivem Futtergewebe gefertigt, sodass die arbeitende Person sich bequem fortbewegen und arbeiten kann.<\/li>\n<li>Vereinfachtes Anlegen:<br \/>\n&#8211; Hinten am Gurt: Installation mit Ankerstich an der daf\u00fcr vorgesehenen Schnalle.<br \/>\n&#8211; Vorne: direkt an der aufschraubbaren Befestigungs\u00f6se des ASTRO SIT-Gurts oder mit einem Verschlusskarabiner oder einem Verbindungselement f\u00fcr eine quasi permanente Verbindung an anderen Sitz- und Haltegurten.<\/li>\n<li>Praktisches Einstellen:<br \/>\n&#8211; Die \u00f6ffnende FAST-Schnalle an der linken Schulter erleichtert das An- und Ablegen des Gurts.<br \/>\n&#8211; Die selbstverriegelnde DOUBLEBACK-Schnalle an der rechten Schulter mit Antirutschsystem gew\u00e4hrleistet eine einfache Einstellung, die sich nicht verstellt.<br \/>\n&#8211; An dem h\u00f6henverstellbaren Klettverschlussriemen, der rechts oder links angebracht werden kann, l\u00e4sst sich der ASAP&#8217;SORBER-Falld\u00e4mpfer fixieren.<br \/>\n&#8211; M\u00f6glichkeit, Befestigungssysteme f\u00fcr die Verbindungselemente der Verbindungsmittel zur Absturzsicherung an den Schultern anzubringen (als Zubeh\u00f6r erh\u00e4ltlich).<\/li>\n<\/ul>\n<\/div>\n<h3>Spezifikationen<\/h3>\n<div class=\"list\">\n<ul>\n<li>Vordere Auffang\u00f6se auf Brusth\u00f6he: Zum Einh\u00e4ngen eines Auffangsystems.<\/li>\n<li>Zertifizierung(en): CE EN 361 und CE EN 12841 Typ B (mit den Sitz- und Haltegurten ASTRO SIT, AVAO SIT, AVAO SIT FAST, FALCON, FALCON MOUNTAIN, FALCON ASCENT, SEQUOIA SRT)<\/li>\n<li>Kompatible Seildurchmesser mit der CROLL L-Seilklemme: 10 bis 13 mm.<\/li>\n<li>Material: Polyamid, Polyester, Aluminium, Stahl<\/li>\n<\/ul>\n<\/div>\n","protected":false},"excerpt":{"rendered":"<p>Brustgurt mit CROLL L-Bruststeigklemme f\u00fcr Sitz- und Haltegurte<\/p>\n","protected":false},"featured_media":3183,"template":"","meta":[],"product_brand":[],"product_cat":[30,81],"product_tag":[],"class_list":{"0":"post-785","1":"product","2":"type-product","3":"status-publish","4":"has-post-thumbnail","6":"product_cat-gurte","7":"product_cat-gurte-zubehoer","9":"first","10":"instock","11":"taxable","12":"shipping-taxable","13":"purchasable","14":"product-type-variable","15":"has-default-attributes"},"_links":{"self":[{"href":"https:\/\/www.contzept.de\/shop\/wp-json\/wp\/v2\/product\/785","targetHints":{"allow":["GET"]}}],"collection":[{"href":"https:\/\/www.contzept.de\/shop\/wp-json\/wp\/v2\/product"}],"about":[{"href":"https:\/\/www.contzept.de\/shop\/wp-json\/wp\/v2\/types\/product"}],"wp:featuredmedia":[{"embeddable":true,"href":"https:\/\/www.contzept.de\/shop\/wp-json\/wp\/v2\/media\/3183"}],"wp:attachment":[{"href":"https:\/\/www.contzept.de\/shop\/wp-json\/wp\/v2\/media?parent=785"}],"wp:term":[{"taxonomy":"product_brand","embeddable":true,"href":"https:\/\/www.contzept.de\/shop\/wp-json\/wp\/v2\/product_brand?post=785"},{"taxonomy":"product_cat","embeddable":true,"href":"https:\/\/www.contzept.de\/shop\/wp-json\/wp\/v2\/product_cat?post=785"},{"taxonomy":"product_tag","embeddable":true,"href":"https:\/\/www.contzept.de\/shop\/wp-json\/wp\/v2\/product_tag?post=785"}],"curies":[{"name":"wp","href":"https:\/\/api.w.org\/{rel}","templated":true}]}}