{"id":840,"date":"2022-04-02T09:54:33","date_gmt":"2022-04-02T07:54:33","guid":{"rendered":"https:\/\/www.contzept.de\/shop\/?post_type=product&#038;p=840"},"modified":"2024-12-20T13:47:13","modified_gmt":"2024-12-20T12:47:13","slug":"petzl-duo-rl","status":"publish","type":"product","link":"https:\/\/www.contzept.de\/shop\/produkt\/petzl-duo-rl\/","title":{"rendered":"Petzl &#8211; Stirnlampe DUO RL"},"content":{"rendered":"<div class=\"list\">\n<ul>\n<li>Extrem leistungsstark und intelligent:<br \/>\n&#8211; 2800 Lumen.<br \/>\n&#8211; l\u00e4ngere Leuchtdauer, besserer Sichtkomfort und reduzierte manuelle Eingriffe mit dem REACTIVE LIGHTING\u00ae-Modus: Die Leuchtkraft und die Form des Lichtkegels werden \u00fcber einen Helligkeitssensor automatisch angepasst, um die Akkulaufzeit zu optimieren.<br \/>\n&#8211; Zwei Leuchtmodi &#8211; REACTIVE LIGHTING\u00ae oder CONSTANT LIGHTING &#8211; und f\u00fcnf Leuchtstufen. Die Leuchtstufen k\u00f6nnen manuell programmiert werden.<br \/>\n&#8211; \u00dcberlebensmodus, konfiguriert f\u00fcr eine minimale Beleuchtung von bis zu 72 Stunden.<\/li>\n<li>Wasser-\/staubdicht und robust:<br \/>\n&#8211; Staubdicht und wasserdicht bis -1 Meter w\u00e4hrend 30 Minuten in S\u00fc\u00dfwasser.<br \/>\n&#8211; Der Lampenk\u00f6rper aus Aluminium besitzt eine ausgezeichnete Sturz-, Sto\u00df- und Druckfestigkeit.<\/li>\n<li>Mehrere Lichtkegel, um sich allen Situationen anzupassen:<br \/>\n&#8211; Beleuchtung im unmittelbaren Nahbereich: breiter Lichtkegel von geringer Leuchtkraft f\u00fcr eine lange Leuchtdauer,<br \/>\n&#8211; Beleuchtung im unmittelbaren Umgebungsbereich: kombinierter Lichtkegel mit einer f\u00fcr die komfortable Sicht im Nahbereich geeigneten Leuchtkraft,<br \/>\n&#8211; Beleuchtung f\u00fcr die Fortbewegung: kombinierter Lichtkegel mit einer fokussierten Komponente f\u00fcr die sichere Fortbewegung,<br \/>\n&#8211; Beleuchtung f\u00fcr die schnelle Fortbewegung: kombinierter Lichtkegel mit h\u00f6herer Leuchtkraft, um das Gel\u00e4nde zu sondieren,<br \/>\n&#8211; Fernsicht: stark fokussierter Lichtkegel, um in die Ferne zu leuchten.<\/li>\n<li>Zuverl\u00e4ssigkeit und Ergonomie:<br \/>\n&#8211; auch mit Handschuhen bedienbarer Drehschalter,<br \/>\n&#8211; automatische Verriegelung gegen unbeabsichtigtes Einschalten w\u00e4hrend des Transports und bei Nichtbenutzung der Lampe,<br \/>\n&#8211; automatische Umschaltung auf Reservelicht, wenn der Akku fast entladen ist,<br \/>\n&#8211; ausgewogene Gewichtsverteilung durch das am Hinterkopf getragene Akkugeh\u00e4use,<br \/>\n&#8211; anpassbar an alle Helmtypen mit dem selbstklebenden PRO ADAPT System (als Zubeh\u00f6r verf\u00fcgbar),<br \/>\n&#8211; abnehmbares, waschbares Kopfband (enthalten).<\/li>\n<li>Akku:<br \/>\n&#8211; Lithium-Ionen-Akku 3200 mAh, aufladbar in 4 Stunden mit Schnellladeger\u00e4t 110\/240 V (enthalten),<br \/>\n&#8211; vierstufige Anzeige des Ladezustands f\u00fcr eine pr\u00e4zise Kontrolle der verbleibenden Akkulaufzeit,<br \/>\n&#8211; kann herausgenommen und ausgewechselt werden (als Zubeh\u00f6r verf\u00fcgbar).<\/li>\n<\/ul>\n<\/div>\n<h3>Spezifikationen<\/h3>\n<div class=\"list\">\n<ul>\n<li>Leuchtkraft: 2800 Lumen<\/li>\n<li>Leuchtdauer 1,5 bis 72 Stunden<\/li>\n<li>Gewicht: 390 g<\/li>\n<li>Technologie: REACTIVE LIGHTING\u00ae oder CONSTANT LIGHTING<\/li>\n<li>Lichtkegel: breit, kombiniert oder fokussiert<\/li>\n<li>Betriebsm\u00f6glichkeiten: Lithium-Ionen-Akku 3200 mAh (enthalten)<\/li>\n<li>Ladezeit: 4 Std.<\/li>\n<li>Zertifizierung(en): CE<\/li>\n<li>Wasserdicht: IP67 (wasserdicht bis -1 Meter w\u00e4hrend 30 Minuten in S\u00fc\u00dfwasser)<\/li>\n<li>Lithium-Ionen-R2 und Ladeger\u00e4t 110\/240 V enthalten.<\/li>\n<\/ul>\n<\/div>\n","protected":false},"excerpt":{"rendered":"<p>Extrem leistungsstarke, aufladbare Stirnlampe mit mehreren Lichtkegeln und REACTIVE LIGHTING<sup>\u00ae<\/sup>\u00a0Technologie. 2800 Lumen<\/p>\n","protected":false},"featured_media":844,"template":"","meta":[],"product_brand":[],"product_cat":[88],"product_tag":[],"class_list":{"0":"post-840","1":"product","2":"type-product","3":"status-publish","4":"has-post-thumbnail","6":"product_cat-stirnlampen","8":"first","9":"instock","10":"taxable","11":"shipping-taxable","12":"purchasable","13":"product-type-variable","14":"has-default-attributes"},"_links":{"self":[{"href":"https:\/\/www.contzept.de\/shop\/wp-json\/wp\/v2\/product\/840","targetHints":{"allow":["GET"]}}],"collection":[{"href":"https:\/\/www.contzept.de\/shop\/wp-json\/wp\/v2\/product"}],"about":[{"href":"https:\/\/www.contzept.de\/shop\/wp-json\/wp\/v2\/types\/product"}],"wp:featuredmedia":[{"embeddable":true,"href":"https:\/\/www.contzept.de\/shop\/wp-json\/wp\/v2\/media\/844"}],"wp:attachment":[{"href":"https:\/\/www.contzept.de\/shop\/wp-json\/wp\/v2\/media?parent=840"}],"wp:term":[{"taxonomy":"product_brand","embeddable":true,"href":"https:\/\/www.contzept.de\/shop\/wp-json\/wp\/v2\/product_brand?post=840"},{"taxonomy":"product_cat","embeddable":true,"href":"https:\/\/www.contzept.de\/shop\/wp-json\/wp\/v2\/product_cat?post=840"},{"taxonomy":"product_tag","embeddable":true,"href":"https:\/\/www.contzept.de\/shop\/wp-json\/wp\/v2\/product_tag?post=840"}],"curies":[{"name":"wp","href":"https:\/\/api.w.org\/{rel}","templated":true}]}}