{"id":902,"date":"2022-04-02T12:54:37","date_gmt":"2022-04-02T10:54:37","guid":{"rendered":"https:\/\/www.contzept.de\/shop\/?post_type=product&#038;p=902"},"modified":"2025-05-26T15:18:44","modified_gmt":"2025-05-26T13:18:44","slug":"petzl-pixa","status":"publish","type":"product","link":"https:\/\/www.contzept.de\/shop\/produkt\/petzl-pixa\/","title":{"rendered":"Petzl &#8211; Stirnlampe PIXA"},"content":{"rendered":"<div class=\"list\">\n<ul>\n<li>\n<div class=\"list\">\n<ul>\n<li>F\u00fcr den intensiven und anspruchsvollen Gebrauch in der Industrie konzipiert:<br \/>\n&#8211; Robuste Bauweise: sto\u00dffest (IK08), sturzfest (bis 2 Meter) und druckfest (bis 80 kg).<br \/>\n&#8211; Staubdicht und wasserdicht bis -2 Meter w\u00e4hrend 1 Stunde (IP68).<br \/>\n&#8211; Best\u00e4ndig gegen bestimmte Chemikalien (1).<\/li>\n<li>Vielseitige Beleuchtung f\u00fcr jede Arbeitssituation:<br \/>\n&#8211; Stirnlampe mit CONSTANT LIGHTING-Technologie f\u00fcr eine dauerhaft konstante Leuchtintensit\u00e4t w\u00e4hrend der gesamten Verwendungsdauer.<br \/>\n&#8211; Breiter, homogener Lichtkegel f\u00fcr eine komfortable Sicht bei Arbeiten im unmittelbaren Nahbereich.<br \/>\n&#8211; Zwei kombinierte Lichtkegel f\u00fcr mehr Effizienz bei der Fortbewegung.<br \/>\n&#8211; Ein fokussierter Lichtkegel f\u00fcr die Fernsicht.<br \/>\n&#8211; Ein jederzeit zug\u00e4nglicher BOOST-Modus von 10 Sekunden, wenn vor\u00fcbergehend die maximale Leuchtkraft ben\u00f6tigt wird.<\/li>\n<li>Anwendungsfreundlich und praktisch:<br \/>\n&#8211; Ein einziger Drehschalter f\u00fcr alle Funktionen, der sich auch mit Handschuhen bedienen l\u00e4sst.<br \/>\n&#8211; Der Schalter ist seitlich angebracht, sodass die Linse beim Bedienen nicht verschmutzt wird.<br \/>\n&#8211; Dank der Tr\u00e4gerplatte kann der Neigungswinkel der Lampe den Anforderungen entsprechend eingestellt werden.<br \/>\n&#8211; Die LED-Anzeige zeigt f\u00fcr eine schnelle Kontrolle beim Ein- und Ausschalten der Lampe die verbleibende Akkulaufzeit an.<br \/>\n&#8211; Beim Ausschalten verriegelt sich die Lampe automatisch, um ein unbeabsichtigtes Einschalten zu verhindern.<br \/>\n&#8211; Das um 180\u00b0 drehbare System sch\u00fctzt die Linse bei Nichtbenutzung und beim Transport.<br \/>\n&#8211; Das symmetrische Einstellsystem des Kopfbands erleichtert das Anpassen am Kopf.<br \/>\n&#8211; Das Kopfband ist abnehmbar und waschbar.<br \/>\n&#8211; Mit dem SLOT ADAPT-Befestigungssystem (im Lieferumfang enthalten) l\u00e4sst sich die Stirnlampe einfach an allen Petzl-Helmen f\u00fcr den professionellen Einsatz mit Befestigungs\u00f6ffnung anbringen.<br \/>\n&#8211; Die PIXA-Stirnlampe ist auch mit dem selbstklebenden Befestigungssystem HELMET ADAPT (als Zubeh\u00f6r erh\u00e4ltlich) zur Befestigung an allen Helmtypen kompatibel.<br \/>\n&#8211; Die PIXA wird mit drei AAA-\/LR03-Batterien geliefert und ist dank HYBRID CONCEPT ebenfalls mit dem CORE-Akku kompatibel (nicht enthalten).(1) Liste der getesteten Chemikalien: Spiritus, Bleiche, Testbenzin, Hexan (einer der Hauptbestandteile von Benzin), Fugensilikon.<br \/>\nAnmerkung: Die PIXA darf nicht in explosionsgef\u00e4hrdeten Bereichen eingesetzt werden.<\/li>\n<\/ul>\n<\/div>\n<h3>Spezifikationen<\/h3>\n<div class=\"list\">\n<ul>\n<li>Leuchtdauer: 12 Stunden<\/li>\n<li>Gewicht: 138 g<\/li>\n<li>Leuchtkraft: 450 Lumen (ANSI\/PLATO FL 1)<\/li>\n<li>Lichtkegel: breit, kombiniert oder fokussiert<\/li>\n<li>Wasserdicht: IP68<\/li>\n<li>Robuste Bauweise: Sto\u00dffestigkeit IK08 (EN\/IEC 62262)<\/li>\n<li>Betriebsm\u00f6glichkeiten: 3 AAA-\/LR03-Batterien<\/li>\n<li>Betriebsm\u00f6glichkeiten: AAA<\/li>\n<li>Zertifizierung(en): CE<\/li>\n<\/ul>\n<\/div>\n<\/li>\n<\/ul>\n<\/div>\n","protected":false},"excerpt":{"rendered":"<p>Robuste und dichte Kompaktstirnlampe f\u00fcr anspruchsvolle Umgebungen. 450 Lumen (BOOST-Modus)<\/p>\n","protected":false},"featured_media":3145,"template":"","meta":[],"product_brand":[],"product_cat":[88],"product_tag":[],"class_list":{"0":"post-902","1":"product","2":"type-product","3":"status-publish","4":"has-post-thumbnail","6":"product_cat-stirnlampen","8":"first","9":"instock","10":"taxable","11":"shipping-taxable","12":"purchasable","13":"product-type-variable","14":"has-default-attributes"},"_links":{"self":[{"href":"https:\/\/www.contzept.de\/shop\/wp-json\/wp\/v2\/product\/902","targetHints":{"allow":["GET"]}}],"collection":[{"href":"https:\/\/www.contzept.de\/shop\/wp-json\/wp\/v2\/product"}],"about":[{"href":"https:\/\/www.contzept.de\/shop\/wp-json\/wp\/v2\/types\/product"}],"wp:featuredmedia":[{"embeddable":true,"href":"https:\/\/www.contzept.de\/shop\/wp-json\/wp\/v2\/media\/3145"}],"wp:attachment":[{"href":"https:\/\/www.contzept.de\/shop\/wp-json\/wp\/v2\/media?parent=902"}],"wp:term":[{"taxonomy":"product_brand","embeddable":true,"href":"https:\/\/www.contzept.de\/shop\/wp-json\/wp\/v2\/product_brand?post=902"},{"taxonomy":"product_cat","embeddable":true,"href":"https:\/\/www.contzept.de\/shop\/wp-json\/wp\/v2\/product_cat?post=902"},{"taxonomy":"product_tag","embeddable":true,"href":"https:\/\/www.contzept.de\/shop\/wp-json\/wp\/v2\/product_tag?post=902"}],"curies":[{"name":"wp","href":"https:\/\/api.w.org\/{rel}","templated":true}]}}